{"id":22,"date":"2025-08-28T09:07:57","date_gmt":"2025-08-28T09:07:57","guid":{"rendered":"https:\/\/limsmart.dwolf-solutions.es\/?page_id=22"},"modified":"2025-09-22T08:15:15","modified_gmt":"2025-09-22T08:15:15","slug":"politica-cookies","status":"publish","type":"page","link":"https:\/\/limsmart.dwolf-solutions.es\/index.php\/politica-cookies\/","title":{"rendered":"Pol\u00edtica de Cookies"},"content":{"rendered":"<p>[et_pb_section fb_built=\u00bb1&#8243; admin_label=\u00bbsection\u00bb _builder_version=\u00bb4.16&#8243; global_colors_info=\u00bb{}\u00bb][et_pb_row admin_label=\u00bbrow\u00bb _builder_version=\u00bb4.16&#8243; background_size=\u00bbinitial\u00bb background_position=\u00bbtop_left\u00bb background_repeat=\u00bbrepeat\u00bb global_colors_info=\u00bb{}\u00bb][et_pb_column type=\u00bb4_4&#8243; _builder_version=\u00bb4.16&#8243; custom_padding=\u00bb|||\u00bb global_colors_info=\u00bb{}\u00bb custom_padding__hover=\u00bb|||\u00bb][et_pb_text _builder_version=\u00bb4.27.4&#8243; _module_preset=\u00bbdefault\u00bb hover_enabled=\u00bb0&#8243; sticky_enabled=\u00bb0&#8243;]<\/p>\n<p>Este Sitio web, al igual que la mayor\u00eda de los sitios en Internet, usa Cookies para mejorar y optimizar la experiencia del usuario. A continuaci\u00f3n, encontrar\u00e1 informaci\u00f3n detallada sobre qu\u00e9 son las \u201cCookies\u201d, qu\u00e9 tipolog\u00eda utiliza este Sitio web, c\u00f3mo puede desactivarlas en su navegador y c\u00f3mo bloquear espec\u00edficamente la instalaci\u00f3n de Cookies de terceros.<\/p>\n<p>\u00bfQU\u00c9 SON LAS COOKIES Y C\u00d3MO LAS UTILIZA EL SITIO WEB DE LIMSMART SERVICIOS INTEGRALES, S.L.?<\/p>\n<p>Las Cookies son archivos que el Sitio web o la aplicaci\u00f3n que utiliza instala en su navegador o en su dispositivo (Smartphone, tableta o televisi\u00f3n conectada) durante su recorrido por las p\u00e1ginas o por la aplicaci\u00f3n, y sirven para almacenar informaci\u00f3n sobre su visita. Como la mayor\u00eda de los sitios en internet, el portal web de LIMSMART SERVICIOS INTEGRALES, S.L. utiliza Cookies para:<\/p>\n<p>\u00b7 Asegurar que las p\u00e1ginas web pueden funcionar correctamente<\/p>\n<p>\u00b7 Almacenar sus preferencias, como el idioma que ha seleccionado o el tama\u00f1o de letra.<\/p>\n<p>\u00b7 Conocer su experiencia de navegaci\u00f3n.<\/p>\n<p>\u00b7 Recopilar informaci\u00f3n estad\u00edstica an\u00f3nima, como qu\u00e9 p\u00e1ginas ha visto o cu\u00e1nto tiempo ha estado en nuestros medios.<\/p>\n<p>El uso de Cookies nos permite optimizar su navegaci\u00f3n, adaptando la informaci\u00f3n y los servicios ofrecidos a sus intereses, para proporcionarle una mejor experiencia siempre que nos visite. El Sitio web de LIMSMART SERVICIOS INTEGRALES, S.L. utiliza Cookies para funcionar, adaptar y facilitar al m\u00e1ximo la navegaci\u00f3n del Usuario.<\/p>\n<p>Las Cookies se asocian \u00fanicamente a un usuario an\u00f3nimo y su ordenador\/dispositivo y no proporcionan referencias que permitan conocer datos personales. En todo momento podr\u00e1 acceder a la configuraci\u00f3n de su navegador para modificar y\/o bloquear la instalaci\u00f3n de las Cookies enviadas por el Sitio web de LIMSMART SERVICIOS INTEGRALES, S.L., sin que ello impida al acceso a los contenidos. Sin embargo, la calidad del funcionamiento de los servicios puede verse afectada.<\/p>\n<p>Los Usuarios que completen el proceso de registro o hayan iniciado sesi\u00f3n con sus datos de acceso podr\u00e1n acceder a servicios personalizados y adaptados a sus preferencias seg\u00fan la informaci\u00f3n personal suministrada en el momento del registro y la almacenada en la Cookie de su navegador.<\/p>\n<p>Las herramientas de email-marketing de LIMSMART SERVICIOS INTEGRALES, S.L. utilizan peque\u00f1as im\u00e1genes invisibles para los usuarios que son incluidas en los emails. Esta tecnolog\u00eda nos permite saber si un email se ha le\u00eddo o no, en qu\u00e9 fecha, la direcci\u00f3n IP desde la que ha sido consultado, etc. Con esta informaci\u00f3n, realizamos estudios estad\u00edsticos y anal\u00edticos sobre el env\u00edo y recepci\u00f3n de los emails para mejorar la oferta de los servicios a los que el usuario est\u00e1 suscrito y ofrecerle informaci\u00f3n que pueda ser de su inter\u00e9s.<\/p>\n<p>\u00bfPOR QU\u00c9 SON IMPORTANTES LAS COOKIES?<\/p>\n<p>\u00b7 Desde un punto de vista t\u00e9cnico, permiten que el Sitio web funcione de forma m\u00e1s \u00e1gil y adaptada a las preferencias de los usuarios, como por ejemplo almacenar el idioma, la moneda del pa\u00eds o detectar el dispositivo de acceso.<\/p>\n<p>\u00b7 Establecen niveles de protecci\u00f3n y seguridad que impiden o dificultan ciberataques contra el Sitio web o sus usuarios.<\/p>\n<p>\u00b7 Permiten que los gestores de los medios puedan conocer datos estad\u00edsticos recopilados en las Cookies para mejorar la calidad y experiencia de sus servicios.<\/p>\n<p>\u00b7 Sirven para optimizar la publicidad que mostramos a los usuarios, ofreciendo la que m\u00e1s se ajusta a sus intereses.<\/p>\n<p>\u00bfQU\u00c9 TIPO DE COOKIES UTILIZAMOS EN LIMSMART SERVICIOS INTEGRALES, S.L.?<\/p>\n<p>1. Cookies \u201canal\u00edticas\u201d: Con prop\u00f3sitos de mantenimiento peri\u00f3dico, y en aras de garantizar el mejor servicio posible al usuario, este sitio web hace uso de cookies \u201canal\u00edticas\u201d para el recabado de estad\u00edsticas de actividad. La informaci\u00f3n recabada ser\u00e1 en todo caso an\u00f3nima, no siendo posible establecer v\u00ednculo alguno entre patrones de navegaci\u00f3n y personas f\u00edsicas. El usuario podr\u00e1 excluir su actividad individual mediante los sistemas de exclusi\u00f3n facilitados por los propios proveedores de los sistemas de an\u00e1lisis que utilizan estas cookies, como Google Analytics. Es posible que esta web utilice varios de dichos sistemas, y puede consultar la lista completa en el listado de cookies al final de este documento.<\/p>\n<p>2. Otras cookies de uso interno: Adem\u00e1s, esta web puede usar diversas cookies para el mantenimiento de sesiones de usuario entre diferentes \u201clogins\u201d a las \u00e1reas privadas o de autogesti\u00f3n facilitadas. Su desactivaci\u00f3n ocasiona normalmente molestias al usuario en forma de funcionalidades bloqueadas, y son por tanto cookies necesarias para el funcionamiento de este sitio. Nuevamente, puede consultar la lista completa en el listad de cookies al final de este documento.<\/p>\n<p>3. Cookies usadas por redes sociales: Adem\u00e1s, en la medida en que se hace uso de Social Plugins, esta web puede participar de distintas redes sociales, como por ejemplo Facebook, para permitir que el usuario pueda compartir con su c\u00edrculo social aquellos contenidos que le resulten de inter\u00e9s. En la lista de cookies al final de este documento, se pueden comprobar las cookies instaladas y las redes sociales correspondientes.<\/p>\n<p>4. Cookies usadas por complementos externos de contenido: Esta web puede hacer uso de complementos de visualizaci\u00f3n de contenido, como por ejemplo Google Maps para visualizar ubicaciones geogr\u00e1ficas. Su uso implica en ocasiones la remisi\u00f3n de ciertas cookies que son detalladas en el listado al final del documento. Algunas de estas cookies son instaladas y gestionadas por los proveedores de dichos complementos, no pudiendo ser accedidas por esta sitio web.<\/p>\n<p>5. Cookies de terceros para la personalizaci\u00f3n de espacios publicitarios: Esta web puede hacer uso de ad servers y, por ende, cookies vinculadas a los mismos para la elaboraci\u00f3n de perfiles a partir de preferencias y comportamiento. En caso de hacerlo, las mismas se detallar\u00e1n en el listado al final de este documento, no siendo instaladas si, tras ser informado al acceder al sitio, el usuario no acepta la pol\u00edtica de cookies y por tanto no contin\u00faa su navegaci\u00f3n.<\/p>\n<p>RELACI\u00d3N Y DESCRIPCI\u00d3N DE COOKIES. NIVELES DE INTRUSION:<\/p>\n<p>La tabla que aqu\u00ed sigue esquematiza las cookies arriba expuestas, incorporando un criterio de \u201cnivel de intrusi\u00f3n\u201d apoyado en una escala del 1 al 3, en la que:<\/p>\n<p>Nivel 1: se corresponde con cookies de uso interno imprescindibles para el funcionamiento del sitio web y, por tanto, la prestaci\u00f3n del servicio solicitado por el usuario, as\u00ed como cookies gestionadas por terceros con la \u00fanica finalidad de permitir el correcto funcionamiento de complementos externos de contenido y, por tanto, necesarias para la correcta visualizaci\u00f3n de este sitio web. Nivel 2: se corresponde con cookies an\u00f3nimas, anal\u00edticas, de uso interno, necesarias para el mantenimiento de contenidos y navegaci\u00f3n, y exclusivamente gestionadas por este sitio web. Nivel 3: se corresponde con cookies gestionadas por terceros que permiten el seguimiento del usuario a trav\u00e9s de otras webs o servicios.<\/p>\n<p>TABLA DE COOKIES USADAS EN ESTE SITIO WEB, INDICANDO EL GESTOR DE LAS MISMAS CUANDO ES UN TERCERO<\/p>\n<p>Cookie Duraci\u00f3n Prop\u00f3sito Intrusi\u00f3n<\/p>\n<p>&nbsp;<\/p>\n<p>&nbsp;<\/p>\n<p>&nbsp;<\/p>\n<p>&nbsp;<\/p>\n<p>&nbsp;<\/p>\n<p>&nbsp;<\/p>\n<p>&nbsp;<\/p>\n<p>&nbsp;<\/p>\n<p>&nbsp;<\/p>\n<p>\u00bfC\u00d3MO PUEDO DESACTIVAR O ELIMINAR ESTAS COOKIES?<\/p>\n<p>El usuario podr\u00e1 en cualquier momento elegir qu\u00e9 cookies quiere que funcionen en este sitio web mediante, por ejemplo, la configuraci\u00f3n del navegador: \u00b7 Para m\u00e1s informaci\u00f3n sobre Microsoft Internet Explorer pulse aqu\u00ed \u00b7 Para m\u00e1s informaci\u00f3n sobre Mozilla Firefox pulse aqu\u00ed \u00b7 Para m\u00e1s informaci\u00f3n sobre Google Chrome pulse aqu\u00ed \u00b7 Para m\u00e1s informaci\u00f3n sobre Safari pulse aqu\u00ed<\/p>\n<p>QU\u00c9 OCURRE SI SE DESHABILITAN LAS COOKIES<\/p>\n<p>Algunas funcionalidades de los Servicios quedar\u00e1n deshabilitadas.<\/p>\n<p>ACTUALIZACI\u00d3N DE NUESTRA POL\u00cdTICA DE COOKIES<\/p>\n<p>Es posible que actualicemos la Pol\u00edtica de Cookies de nuestro Sitio web, por ello le recomendamos revisar esta pol\u00edtica cada vez que acceda al mismo con el objetivo de estar adecuadamente informado sobre c\u00f3mo y para qu\u00e9 usamos las cookies. Pol\u00edtica de cookies revisada por PROTECTION REPORT S, S.L., empresa de RGPD, qui\u00e9n se reserva las acciones legales que correspondan contra todo aquel que copie y utilice de forma ileg\u00edtima el contenido.<\/p>\n<p>[\/et_pb_text][\/et_pb_column][\/et_pb_row][\/et_pb_section]<\/p>\n","protected":false},"excerpt":{"rendered":"<p>Este Sitio web, al igual que la mayor\u00eda de los sitios en Internet, usa Cookies para mejorar y optimizar la experiencia del usuario. A continuaci\u00f3n, encontrar\u00e1 informaci\u00f3n detallada sobre qu\u00e9 son las \u201cCookies\u201d, qu\u00e9 tipolog\u00eda utiliza este Sitio web, c\u00f3mo puede desactivarlas en su navegador y c\u00f3mo bloquear espec\u00edficamente la instalaci\u00f3n de Cookies de terceros. [&hellip;]<\/p>\n","protected":false},"author":1,"featured_media":0,"parent":0,"menu_order":0,"comment_status":"closed","ping_status":"closed","template":"","meta":{"_et_pb_use_builder":"on","_et_pb_old_content":"<!-- wp:divi\/placeholder \/-->","_et_gb_content_width":"","footnotes":""},"class_list":["post-22","page","type-page","status-publish","hentry"],"_links":{"self":[{"href":"https:\/\/limsmart.dwolf-solutions.es\/index.php\/wp-json\/wp\/v2\/pages\/22","targetHints":{"allow":["GET"]}}],"collection":[{"href":"https:\/\/limsmart.dwolf-solutions.es\/index.php\/wp-json\/wp\/v2\/pages"}],"about":[{"href":"https:\/\/limsmart.dwolf-solutions.es\/index.php\/wp-json\/wp\/v2\/types\/page"}],"author":[{"embeddable":true,"href":"https:\/\/limsmart.dwolf-solutions.es\/index.php\/wp-json\/wp\/v2\/users\/1"}],"replies":[{"embeddable":true,"href":"https:\/\/limsmart.dwolf-solutions.es\/index.php\/wp-json\/wp\/v2\/comments?post=22"}],"version-history":[{"count":3,"href":"https:\/\/limsmart.dwolf-solutions.es\/index.php\/wp-json\/wp\/v2\/pages\/22\/revisions"}],"predecessor-version":[{"id":229827,"href":"https:\/\/limsmart.dwolf-solutions.es\/index.php\/wp-json\/wp\/v2\/pages\/22\/revisions\/229827"}],"wp:attachment":[{"href":"https:\/\/limsmart.dwolf-solutions.es\/index.php\/wp-json\/wp\/v2\/media?parent=22"}],"curies":[{"name":"wp","href":"https:\/\/api.w.org\/{rel}","templated":true}]}}